{"id":238,"date":"2024-03-27T22:44:03","date_gmt":"2024-03-27T21:44:03","guid":{"rendered":"https:\/\/korves.fcm-it.de\/?page_id=238"},"modified":"2024-04-10T13:27:48","modified_gmt":"2024-04-10T11:27:48","slug":"befundanfragen","status":"publish","type":"page","link":"https:\/\/mrt-korves.de\/index.php\/befundanfragen\/","title":{"rendered":"Befundanfragen"},"content":{"rendered":"\n<p>Der schriftliche Befund wird in der Regel\u00a0 an den zuweisenden Arzt<br>(daher dem Arzt der den \u00dcberweisungsschein ausgestellt hat) verschickt.<br>Der Befund ist f\u00fcr den Kollegen geschrieben und ist in einer entsprechenden fach\u00e4rztlichen Sprache verfasst.<br><br><strong>Befund nicht angekommen?<\/strong><br><br>Die Befunde sind in der Regel innerhalb von 2 Werktagen fertig und werden verschickt, &#8211; zumeist sogar an demselben Tag.Veraltete oder falsche Adressen, inkorrekte E-Mail Adressen oder Fax Nummern oder abgestellte Faxger\u00e4te f\u00fchren dazu, dass Befunde nicht ankommen.<br><br>Im Regelfall k\u00f6nnen Sie sich problemlos vom behandelnden Arzt dem \u00dcberweiser eine Kopie des Befundes geben lassen, da\u00a0 die Versendung an die Patienten\u00a0 von Befunden unsererseits eher nicht vorgesehen ist.\u00a0<br>In Ausnahmef\u00e4llen (z.B. Praxis geschlossen) k\u00f6nnen Sie sich<em> pers\u00f6nlich<\/em>\u00a0 ihren<em> aktuellen<\/em> Befund der letzten 2 Monate schicken lassen per Fax oder E-mail<br>oder die Praxis angeben an die der Befund verschickt werden soll.<br>Dies auf Antrag per E-mail mit Angabe der korrekten Email Adresse von Ihnen oder der Faxdresse der Praxis oder Ihres eigenen Faxes.<br>Das ist ein <em>reiner Service d<\/em>er Praxis f\u00fcr unsere Patienten daher keine Routine und keine Pflichtaufgabe der Praxis.<br>(Gleichzeitig besteht ein sehr klares Einverst\u00e4ndnis Ihrerseits damit, dass dieser Service eine unverschl\u00fcsselte Daten\u00fcbertragung des Befundes als E-mail mit pdf Anhang an Sie beinhaltet.<br><br>Befundanfragen:<br>Wir verschicken nur<em> den aktuellen Befund\u00a0\u00a0und zu Ihrem Datenschutz nur<\/em>\u00a0\u00a0an Sie pers\u00f6nlich oder eine Praxis die Sie betreut.<br><br>Zum Identit\u00e4tsnachweis und zum Datenschutz ben\u00f6tigen wir zuvor\u00a0 Angaben von Ihnen,\u00a0 die in der Praxis<em> identisch<\/em> vorliegen m\u00fcssen, ansonsten kann ein Befundversandt unsererseits nicht erfolgen!<br><br>Auch in unklaren Situationen kann\u00a0ein\u00a0Versendung nicht erfolgen. Insgesamt versuchen wir das versenden medizinscher Daten per E-mail<br>nur begrenzt durchzuf\u00fchren, daher erwarten wir eine nachvollziehbare Begr\u00fcndung f\u00fcr die Notwendigkeit.<br><br><strong>Befundanfragen per Fax 030 2005 4075<\/strong><br><br><strong>Befundanfrage Online:<\/strong><br><\/p>\n\n\n<p><div class=\"forminator-ui forminator-custom-form forminator-custom-form-239 forminator-design--default  forminator_ajax\" data-forminator-render=\"0\" data-form=\"forminator-module-239\" data-uid=\"69f2afbf7a4b7\"><br\/><\/div><form\n\t\t\t\tid=\"forminator-module-239\"\n\t\t\t\tclass=\"forminator-ui forminator-custom-form forminator-custom-form-239 forminator-design--default  forminator_ajax\"\n\t\t\t\tmethod=\"post\"\n\t\t\t\tdata-forminator-render=\"0\"\n\t\t\t\tdata-form-id=\"239\"\n\t\t\t\t data-color-option=\"default\" data-design=\"default\" data-grid=\"open\" style=\"display: none;\"\n\t\t\t\tdata-uid=\"69f2afbf7a4b7\"\n\t\t\t><div role=\"alert\" aria-live=\"polite\" class=\"forminator-response-message forminator-error\" aria-hidden=\"true\"><\/div><div class=\"forminator-row\"><div id=\"name-1\" class=\"forminator-field-name forminator-col forminator-col-6 \"><div class=\"forminator-field\"><label for=\"forminator-field-name-1_69f2afbf7a4b7\" id=\"forminator-field-name-1_69f2afbf7a4b7-label\" class=\"forminator-label\">Vorname <span class=\"forminator-required\">*<\/span><\/label><input type=\"text\" name=\"name-1\" value=\"\" placeholder=\"z. B. Max\" id=\"forminator-field-name-1_69f2afbf7a4b7\" class=\"forminator-input forminator-name--field\" aria-required=\"true\" autocomplete=\"name\" \/><\/div><\/div><div id=\"name-2\" class=\"forminator-field-name forminator-col forminator-col-6 \"><div class=\"forminator-field\"><label for=\"forminator-field-name-2_69f2afbf7a4b7\" id=\"forminator-field-name-2_69f2afbf7a4b7-label\" class=\"forminator-label\">Name <span class=\"forminator-required\">*<\/span><\/label><input type=\"text\" name=\"name-2\" value=\"\" placeholder=\"z. B. Mustermann\" id=\"forminator-field-name-2_69f2afbf7a4b7\" class=\"forminator-input forminator-name--field\" aria-required=\"true\" autocomplete=\"name\" \/><\/div><\/div><\/div><div class=\"forminator-row\"><div id=\"date-1\" class=\"forminator-field-date forminator-col forminator-col-6 \"><div class=\"forminator-field\"><label for=\"forminator-field-date-1-picker_69f2afbf7a4b7\" id=\"forminator-field-date-1-picker_69f2afbf7a4b7-label\" class=\"forminator-label\">Geburtsdatum <span class=\"forminator-required\">*<\/span><\/label><div class=\"forminator-input-with-icon\"><span class=\"forminator-icon-calendar\" aria-hidden=\"true\"><\/span><input autocomplete=\"off\" type=\"text\" size=\"1\" name=\"date-1\" value=\"\" placeholder=\"Datum w\u00e4hlen\" id=\"forminator-field-date-1-picker_69f2afbf7a4b7\" class=\"forminator-input forminator-datepicker\" data-required=\"1\" data-format=\"dd.mm.yy\" data-restrict-type=\"\" data-restrict=\"\" data-start-year=\"1926\" data-end-year=\"2126\" data-past-dates=\"enable\" data-start-of-week=\"1\" data-start-date=\"\" data-end-date=\"\" data-start-field=\"\" data-end-field=\"\" data-start-offset=\"\" data-end-offset=\"\" data-disable-date=\"\" data-disable-range=\"\" \/><\/div><\/div><\/div><div id=\"text-1\" class=\"forminator-field-text forminator-col forminator-col-6 \"><div class=\"forminator-field\"><label for=\"forminator-field-text-1_69f2afbf7a4b7\" id=\"forminator-field-text-1_69f2afbf7a4b7-label\" class=\"forminator-label\">Krankenkasse <span class=\"forminator-required\">*<\/span><\/label><input type=\"text\" name=\"text-1\" value=\"\" placeholder=\"z. B. AOK\" id=\"forminator-field-text-1_69f2afbf7a4b7\" class=\"forminator-input forminator-name--field\" data-required=\"1\" \/><\/div><\/div><\/div><div class=\"forminator-row\"><div id=\"phone-1\" class=\"forminator-field-phone forminator-col forminator-col-6 \"><div class=\"forminator-field\"><label for=\"forminator-field-phone-1_69f2afbf7a4b7\" id=\"forminator-field-phone-1_69f2afbf7a4b7-label\" class=\"forminator-label\">Telefonnummer<\/label><input type=\"text\" name=\"phone-1\" value=\"\" placeholder=\"z. B. +49 3004005000\" id=\"forminator-field-phone-1_69f2afbf7a4b7\" class=\"forminator-input forminator-field--phone\" data-required=\"\" aria-required=\"false\" autocomplete=\"off\" \/><\/div><\/div><div id=\"email-1\" class=\"forminator-field-email forminator-col forminator-col-6 \"><div class=\"forminator-field\"><label for=\"forminator-field-email-1_69f2afbf7a4b7\" id=\"forminator-field-email-1_69f2afbf7a4b7-label\" class=\"forminator-label\">E-Mail-Adresse <span class=\"forminator-required\">*<\/span><\/label><input type=\"email\" name=\"email-1\" value=\"\" placeholder=\"z. B. max@mustermann.de\" id=\"forminator-field-email-1_69f2afbf7a4b7\" class=\"forminator-input forminator-email--field\" data-required=\"true\" aria-required=\"true\" autocomplete=\"email\" \/><\/div><\/div><\/div><div class=\"forminator-row\"><div id=\"date-2\" class=\"forminator-field-date forminator-col forminator-col-6 \"><div class=\"forminator-field\"><label for=\"forminator-field-date-2-picker_69f2afbf7a4b7\" id=\"forminator-field-date-2-picker_69f2afbf7a4b7-label\" class=\"forminator-label\">Untersuchungsdatum <span class=\"forminator-required\">*<\/span><\/label><div class=\"forminator-input-with-icon\"><span class=\"forminator-icon-calendar\" aria-hidden=\"true\"><\/span><input autocomplete=\"off\" type=\"text\" size=\"1\" name=\"date-2\" value=\"\" placeholder=\"Datum w\u00e4hlen\" id=\"forminator-field-date-2-picker_69f2afbf7a4b7\" class=\"forminator-input forminator-datepicker\" data-required=\"1\" data-format=\"dd.mm.yy\" data-restrict-type=\"\" data-restrict=\"\" data-start-year=\"1926\" data-end-year=\"2126\" data-past-dates=\"enable\" data-start-of-week=\"1\" data-start-date=\"\" data-end-date=\"\" data-start-field=\"\" data-end-field=\"\" data-start-offset=\"\" data-end-offset=\"\" data-disable-date=\"\" data-disable-range=\"\" \/><\/div><\/div><\/div><div id=\"text-2\" class=\"forminator-field-text forminator-col forminator-col-6 \"><div class=\"forminator-field\"><label for=\"forminator-field-text-2_69f2afbf7a4b7\" id=\"forminator-field-text-2_69f2afbf7a4b7-label\" class=\"forminator-label\">Untersuchung von was? Text auf der CD <span class=\"forminator-required\">*<\/span><\/label><input type=\"text\" name=\"text-2\" value=\"\" placeholder=\"\" id=\"forminator-field-text-2_69f2afbf7a4b7\" class=\"forminator-input forminator-name--field\" data-required=\"1\" \/><\/div><\/div><\/div><div class=\"forminator-row\"><div id=\"address-1\" class=\"forminator-field-address forminator-col forminator-col-12 \"><div class=\"forminator-row\"><div id=\"address-1-street_address\" class=\"forminator-col\"><div class=\"forminator-field\"><label for=\"forminator-field-address-1-street_address_69f2afbf7a4b7\" id=\"forminator-field-address-1-street_address_69f2afbf7a4b7-label\" class=\"forminator-label\">Stra\u00dfe und Hausnummer <span class=\"forminator-required\">*<\/span><\/label><input type=\"text\" name=\"address-1-street_address\" placeholder=\"z. B. Hauptstra\u00dfe 123\" id=\"forminator-field-address-1-street_address_69f2afbf7a4b7\" class=\"forminator-input\" data-required=\"1\" aria-required=\"true\" autocomplete=\"address-line1\" value=\"\" \/><\/div><\/div><\/div><div class=\"forminator-row\" data-multiple=\"false\"><div id=\"address-1-city\" class=\"forminator-col forminator-col-12\"><div class=\"forminator-field\"><label for=\"forminator-field-address-1-city_69f2afbf7a4b7\" id=\"forminator-field-address-1-city_69f2afbf7a4b7-label\" class=\"forminator-label\">Stadt<\/label><input type=\"text\" name=\"address-1-city\" placeholder=\"z. B. Berlin\" id=\"forminator-field-address-1-city_69f2afbf7a4b7\" class=\"forminator-input\" data-required=\"\" aria-required=\"false\" autocomplete=\"address-level2\" value=\"\" \/><\/div><\/div><\/div><div class=\"forminator-row\" data-multiple=\"false\"><div id=\"address-1-zip\" class=\"forminator-col forminator-col-12\"><div class=\"forminator-field\"><label for=\"forminator-field-address-1-zip_69f2afbf7a4b7\" id=\"forminator-field-address-1-zip_69f2afbf7a4b7-label\" class=\"forminator-label\">ZIP \/ Postleitzahl<\/label><input type=\"text\" name=\"address-1-zip\" placeholder=\"z. B. 2000\" id=\"forminator-field-address-1-zip_69f2afbf7a4b7\" class=\"forminator-input\" autocomplete=\"postal-code\" value=\"\" \/><\/div><\/div><\/div><\/div><\/div><div class=\"forminator-row\"><div id=\"text-3\" class=\"forminator-field-text forminator-col forminator-col-12 \"><div class=\"forminator-field\"><label for=\"forminator-field-text-3_69f2afbf7a4b7\" id=\"forminator-field-text-3_69f2afbf7a4b7-label\" class=\"forminator-label\">Grund f\u00fcr die pers\u00f6nliche \u00dcbermittlung <span class=\"forminator-required\">*<\/span><\/label><input type=\"text\" name=\"text-3\" value=\"\" placeholder=\"\" id=\"forminator-field-text-3_69f2afbf7a4b7\" class=\"forminator-input forminator-name--field\" data-required=\"1\" \/><\/div><\/div><\/div><div class=\"forminator-row\"><div id=\"consent-1\" class=\"forminator-field-consent forminator-col forminator-col-12 \"><div class=\"forminator-field\"><label for=\"forminator-field-consent-1_69f2afbf7a4b7\" id=\"forminator-field-consent-1_69f2afbf7a4b7-label\" class=\"forminator-label\">Datenschutz <span class=\"forminator-required\">*<\/span><\/label><div class=\"forminator-checkbox__wrapper\"><label id=\"forminator-field-consent-1_69f2afbf7a4b7__label\" class=\"forminator-checkbox forminator-consent\"><input type=\"checkbox\" name=\"consent-1\" id=\"forminator-field-consent-1_69f2afbf7a4b7\" value=\"checked\" aria-labelledby=\"forminator-field-consent-1_69f2afbf7a4b7-label\" aria-describedby=\"forminator-field-consent-1_69f2afbf7a4b7__description\" data-required=\"true\" aria-required=\"true\" \/><span class=\"forminator-checkbox-box\" aria-hidden=\"true\"><\/span><\/label><div id=\"forminator-field-consent-1_69f2afbf7a4b7__description\" class=\"forminator-checkbox__label forminator-consent__label\"><p>Ich akzeptiere die <a href=\"https:\/\/mrt-korves.de\/index.php\/datenschutzerklaerung\/\">Datenschutzerkl\u00e4rung<\/a>.<\/p><\/div><\/div><\/div><\/div><\/div><input type=\"hidden\" name=\"referer_url\" value=\"\" \/><div class=\"forminator-row forminator-row-last\"><div class=\"forminator-col\"><div class=\"forminator-field\"><button class=\"forminator-button forminator-button-submit\">Befund Anfordern<\/button><\/div><\/div><\/div><input type=\"hidden\" id=\"forminator_nonce\" name=\"forminator_nonce\" value=\"798a79e79a\" \/><input type=\"hidden\" name=\"_wp_http_referer\" value=\"\/index.php\/wp-json\/wp\/v2\/pages\/238\" \/><input type=\"hidden\" name=\"form_id\" value=\"239\"><input type=\"hidden\" name=\"page_id\" value=\"238\"><input type=\"hidden\" name=\"form_type\" value=\"default\"><input type=\"hidden\" name=\"current_url\" value=\"https:\/\/mrt-korves.de\/index.php\/befundanfragen\/\"><input type=\"hidden\" name=\"render_id\" value=\"0\"><input type=\"hidden\" name=\"action\" value=\"forminator_submit_form_custom-forms\"><\/form><\/p>\n","protected":false},"excerpt":{"rendered":"<p>Der schriftliche Befund wird in der Regel\u00a0 an den zuweisenden Arzt(daher dem Arzt der den \u00dcberweisungsschein ausgestellt hat) verschickt.Der Befund ist f\u00fcr den Kollegen geschrieben und ist in einer entsprechenden fach\u00e4rztlichen Sprache verfasst. Befund nicht angekommen? Die Befunde sind in der Regel innerhalb von 2 Werktagen fertig und werden verschickt, &#8211; zumeist sogar an demselben&#8230;<\/p>\n","protected":false},"author":1,"featured_media":0,"parent":0,"menu_order":0,"comment_status":"closed","ping_status":"closed","template":"","meta":{"footnotes":""},"class_list":["post-238","page","type-page","status-publish","hentry"],"_links":{"self":[{"href":"https:\/\/mrt-korves.de\/index.php\/wp-json\/wp\/v2\/pages\/238","targetHints":{"allow":["GET"]}}],"collection":[{"href":"https:\/\/mrt-korves.de\/index.php\/wp-json\/wp\/v2\/pages"}],"about":[{"href":"https:\/\/mrt-korves.de\/index.php\/wp-json\/wp\/v2\/types\/page"}],"author":[{"embeddable":true,"href":"https:\/\/mrt-korves.de\/index.php\/wp-json\/wp\/v2\/users\/1"}],"replies":[{"embeddable":true,"href":"https:\/\/mrt-korves.de\/index.php\/wp-json\/wp\/v2\/comments?post=238"}],"version-history":[{"count":0,"href":"https:\/\/mrt-korves.de\/index.php\/wp-json\/wp\/v2\/pages\/238\/revisions"}],"wp:attachment":[{"href":"https:\/\/mrt-korves.de\/index.php\/wp-json\/wp\/v2\/media?parent=238"}],"curies":[{"name":"wp","href":"https:\/\/api.w.org\/{rel}","templated":true}]}}